ime factors of t?
3, 401
Let r = -7 + 53. Suppose -2*y + r = 5*t, -y - y - 2*t + 52 = 0. What are the prime factors of y?
2, 7
What are the prime factors of (-3)/(-1) - (5 - (1 + 649))?
2, 3
Suppose -5*z + 5*k - 4*k = 774, 0 = -3*z - 5*k - 442. Let c = -43 - z. What are the prime factors of c?
3, 37
Suppose -105 = 3*i - 8*i. Let p be i/28 + 2/8. Let k(j) = 47*j**2 + 1. List the prime factors of k(p).
2, 3
Let h = -22 + 36. Suppose -2*f - c = -h, -c - 4*c + 28 = 4*f. Suppose 179 = 5*s + 3*o + 59, 0 = s + 4*o - f. List the prime factors of s.
3
Suppose 12 = -4*k, g + 4*g + 2*k = 34. Suppose 3*a - 5*s = 20, 24 = 4*a - 4*s - g. List the prime factors of a.
2, 5
Suppose 3*i - 491 = 2*o, -5*o + 2*i - 1126 - 74 = 0. Let p = -140 - o. List the prime factors of p.
2, 7
Let r = -202 - -343. List the prime factors of r.
3, 47
Suppose -6*x = -225 - 2085. List the prime factors of x.
5, 7, 11
Let l(i) = i**2 + 8*i + 39. Let f be l(-9). Suppose w + h + 0 = f, -200 = -5*w + 5*h. What are the prime factors of w?
2, 11
Suppose -1 = 4*b - 13. Suppose -b*f = -f + 10, 0 = 4*t + f - 419. What are the prime factors of t?
2, 53
List the prime factors of (-35 - 33)/(4/(-126)).
2, 3, 7, 17
Let n(q) = q**2 + 14*q + 20. Let l be n(-5). Let g = 67 + -105. Let w = l - g. List the prime factors of w.
13
Suppose -6*q - 424 = -1312. List the prime factors of q.
2, 37
Let u(w) be the second derivative of w**4/12 - w**3/2 - 16*w. What are the prime factors of u(-3)?
2, 3
Let m(l) be the second derivative of -l**3/6 + 7*l**2/2 + 5*l. Let d be m(4). Suppose 2*o - d*o = -28. List the prime factors of o.
2, 7
Let n(r) = -r + 1. Let w(b) = -b**2 - 3*b + 8. Let d(x) = 4*n(x) - w(x). Suppose o - 5 - 1 = 0. List the prime factors of d(o).
2, 13
Suppose 0 = -0*f - 3*f + 33. Suppose -13*i + 14*i = f. List the prime factors of i.
11
Let o = -91 - -93. List the prime factors of (-1)/((o/24)/((-81)/6)).
2, 3
Suppose 0 = 11*v - 3*v - 8. Let n(c) = 11*c**2 - c + 2. What are the prime factors of n(v)?
2, 3
Let f = 200 + -29. Let w = 296 - f. List the prime factors of w.
5
Let f = -6 + 9. Suppose 0 = -r - 1, 3*k + 4*r - f*r = 590. What are the prime factors of k?
197
Suppose 5*q - 31 = m - 0*m, -q + 86 = -4*m. Let s = m + 20. List the prime factors of s/5 + 1716/55.
31
Let r(w) be the second derivative of -w**4/12 - 7*w**3/3 + 15*w**2/2 + 2*w. List the prime factors of r(-7).
2
Suppose -2*d + 2 = 0, -3*t - 5*d + 9*d = 997. Let c = -23 - t. What are the prime factors of c?
2, 7, 11
Let o be 2 + -5 + (8 - 5). List the prime factors of 121 + -16 + (1 - o)*-2.
103
What are the prime factors of (-3*1384/(-32))/(6/16)?
2, 173
Let r(p) = -p**3 - 13*p**2 - 4*p - 16. Let s be r(-13). Suppose 0 = 39*g - s*g - 828. What are the prime factors of g?
2, 3, 23
Let n(b) = -6*b - 20. Let d be n(6). Let r = -20 - d. List the prime factors of r.
2, 3
Let s = 14 + 28. Suppose -4*h - 5*q + 164 = -8*q, -h + q = -s. What are the prime factors of h?
2, 19
Let z = 19 + -97. Suppose -u + 193 = -0*i - 4*i, -3*i + 5*u - 132 = 0. Let s = i - z. What are the prime factors of s?
29
Let w(m) = 9*m**2 + m**3 + 10*m**2 + 20 - 9*m**2 - 5*m. What are the prime factors of w(-10)?
2, 5, 7
Suppose 4*t + 322 = -142. Let b = t + 70. List the prime factors of (11/(-22))/(1/b).
23
Suppose k - 3*k - 8 = 4*f, 0 = -f + k + 4. Suppose -2*w - 4*u + 18 = 0, 3*u = w - f + 1. Suppose -56 - 79 = -w*h. What are the prime factors of h?
3
Let b(r) = 75*r - 558. What are the prime factors of b(42)?
2, 3
Suppose 7*b - 2532 + 446 = 0. What are the prime factors of b?
2, 149
Let h(j) = 1 + 2*j**2 + 4 - 7*j**2 + j**3. Let q be h(5). Suppose 0 = q*k - k - 52. List the prime factors of k.
13
Let u be 7/(-2) - (-12)/(-24). Let g = u + 3. What are the prime factors of 280/10 + g*2?
2, 13
List the prime factors of 48/36 - (-3 + 6558/(-9)).
733
Let k = 3764 - 1814. What are the prime factors of k?
2, 3, 5, 13
Let g be (-93)/(-5) - (-4)/10. Suppose 0 = y + 2*w - 5*w - g, -4*y + 21 = -w. List the prime factors of y.
2
Suppose 2*o + 3*d = 832, -o + 828 = o + d. List the prime factors of o.
7, 59
Let y = 9 - -4. Suppose -3*a = -y - 2. Suppose 0 = -a*p + p + 32. What are the prime factors of p?
2
Let b(n) = 7*n**2 + 16*n + 3. Let q(y) = 0*y + 2*y - y + y**2. Let f(j) = b(j) - 6*q(j). What are the prime factors of f(-10)?
3
Let t(x) = x**3 + 4*x**2 - 2*x + 1. Let f be t(-5). Let c = -14 - f. Suppose v - 17 - 6 = c. List the prime factors of v.
23
Suppose -x = 2*x. Suppose 3*y - 3*c + 4*c - 56 = x, 5*y - 2*c - 75 = 0. Suppose -y = -p - 5. What are the prime factors of p?
2, 3
Suppose -16*u = 2*u - 14076. List the prime factors of u.
2, 17, 23
Let o = -312 + 222. Let n be 3384/o*5*-3. What are the prime factors of n/10 + 2/(-5)?
2, 7
Let o be (-2 - -3)*(10 + 2). Let h(c) = -2*c + 10. Let f be h(o). Let b = 37 + f. What are the prime factors of b?
23
Suppose 249*w = 253*w - 2748. What are the prime factors of w?
3, 229
Let h(w) = 1032*w**2 - 42*w - 41. What are the prime factors of h(-1)?
1033
Let h(b) be the first derivative of 17*b**2 + 8*b - 4. List the prime factors of h(3).
2, 5, 11
Suppose 4527 = 5*k - 5*y - 3668, 2*y = -6. What are the prime factors of k?
2, 409
Let z(g) be the third derivative of -g**4 - g**3/6 + 6*g**2. Suppose -2*x + 3*x + 2 = 0. What are the prime factors of z(x)?
47
What are the prime factors of 2*(-9340)/(-45) + 2/(-18)?
5, 83
Suppose 36*t - 78*t + 149016 = 0. List the prime factors of t.
2, 887
Suppose j - 37156 = -13*j. What are the prime factors of j?
2, 1327
Let x be -12*((-9)/4)/9. Let i = -12 - x. List the prime factors of (-5)/(i/12) + 55.
59
Suppose -19*f + 9548 = 9*f. What are the prime factors of f?
11, 31
Let z = 771 + -40. List the prime factors of z.
17, 43
Let d = -10 + -128. What are the prime factors of (15*-1*1)/(6/d)?
3, 5, 23
Let d = 945 - 133. List the prime factors of d.
2, 7, 29
Suppose -13*a = -7*a - 1434. What are the prime factors of a?
239
Let i = -58 + 61. Suppose 0 = -5*y + i*h + 121 + 20, -2*y + 2*h + 54 = 0. What are the prime factors of y?
2, 3, 5
Let o be -165*4/(3*-4). Let y = -83 + o. What are the prime factors of (0 + 0)/1 - y?
2, 7
Suppose -40*p + 35*p - 190 = 0. List the prime factors of 22/33*(p + -1)/(-1).
2, 13
Let g = 918 + -635. Suppose 0 = 4*d + 4*s - 300, -5*d + 47 = -4*s - g. List the prime factors of d.
2, 5, 7
Let z be 34/(-6)*(2 - (-3 - -8)). Suppose -4*p - z = -101. List the prime factors of p.
3, 7
Suppose -3*h = h - 3*u - 28, 5*u = h - 24. Suppose -2*x = h*x - 18. List the prime factors of x.
3
Let h(q) = 302*q**3 - 4*q**2 + 5*q - 2. Suppose 0*w + 8 = 8*w. List the prime factors of h(w).
7, 43
Suppose -3*q - 2*x + 0*x = -728, -3*q + 5*x = -742. Suppose -2*n + 150 = i, -2*i + 129 = 5*n - q. List the prime factors of n.
73
Let d = -251 - -1083. What are the prime factors of d?
2, 13
Let m(a) = -11*a + 38. Let q be m(3). Suppose t - 1133 = -3*t + 3*x, -q*x = -2*t + 563. What are the prime factors of t?
2, 71
Let d be (-5)/2*(-6)/(-5). What are the prime factors of 12/(d - (-108)/32)?
2
Let a(i) = 9*i**2 + 8*i + 176. List the prime factors of a(-10).
2, 3, 83
Let c = -5097 - -8160. List the prime factors of c.
3, 1021
Let s(f) = 4*f + 23. Let t be s(-4). Let r(d) = 3*d**2 + 8*d - 6. List the prime factors of r(t).
197
Suppose -26*b + 134763 = 28657. What are the prime factors of b?
7, 11, 53
Suppose 4*r + 8 = -2*g + 2, 3*g - 3 = -3*r. Let b = 54 - 38. Let w = b + g. What are the prime factors of w?
3, 7
List the prime factors of (1275/10)/(2/(-8)*-2).
3, 5, 17
Let a = -11 + 11. Let s(r) = a*r - 1 - 7*r + 3*r + r. What are the prime factors of s(-7)?
2, 5
Suppose -4*f - 4*w + 19060 = 0, -5*f + 260*w = 258*w - 23839. What are the prime factors of f?
3, 7, 227
Let u be 6/(-21) - 10/(-35). Suppose -10*s + 7*s - 48 = u. What are the prime factors of (-34)/(-2) + s/(-4)?
3, 7
Let t(f) = 39*f**2 - 5*f + 58. List the prime factors of t(-7).
2, 3, 167
Suppose 3*j + 7 = 1. List the prime factors of j*1 + 7 + 62.
67
Let h be 6/6*(2 - -69). Let i = h + -43. Suppose 2*g - i = -0*g. List the prime factors of g.
2, 7
Let b(q) = -94*q. Let m be b(-2). Let s = m - 38. What are the prime factors of s?
2, 3, 5
Let a(p) = -15*p + 804. List the prime factors of a(-41).
3, 11, 43
Let r(p) = -p**3 - 20*p**2 +